of b and 9.
3
Let k(h) = 7*h**2 + 4*h - 4. Let w be k(1). What is the greatest common factor of 259 and w?
7
Suppose -52 - 18 = -5*b. Let a = 141 - 142. Let x be a/((2 + 2)/(-56)). What is the highest common factor of b and x?
14
Let i(k) = -8*k + 3. Let f be i(-1). What is the greatest common factor of 99 and f?
11
Let p = 15 + -15. Suppose p = 4*u - 12 - 28. Let j be (36/u)/((-4)/(-90)). Calculate the greatest common factor of 9 and j.
9
Let a(g) = g**2 - 4*g + 28. Let z be a(9). Let f = z - -29. What is the highest common factor of f and 255?
51
Suppose -4*o = -3*v - 1, -3*o - v + 25 = 2*o. Suppose o*j - j - 48 = 0. Let t = 184 - 56. What is the greatest common factor of j and t?
16
Let f = -42 + 45. Suppose 15 = -f*s + 8*s. Calculate the highest common factor of 15 and s.
3
Suppose 4*z - 5*b + 1 = 0, 18*z + 4*b - 14 = 19*z. Calculate the highest common divisor of z and 162.
6
Let g = 850 + -780. What is the greatest common divisor of 170 and g?
10
Let a be (-1030)/15 - (-1)/(-3). Let n = a - -114. Calculate the greatest common factor of 30 and n.
15
Let l(c) = -82*c**3 + c**2 + 10*c + 8. Let t be l(-2). Calculate the greatest common divisor of 24 and t.
24
Let z = -83 - -253. Let l = -183 - -251. Calculate the highest common divisor of z and l.
34
Let k(y) = 11*y**2 - 14*y + 3. Let l be k(-3). Calculate the greatest common divisor of 16 and l.
16
Let g be 130 - (0 - (7 + -11)). Calculate the greatest common divisor of 210 and g.
42
Suppose -4*q + 4*r + 166 = -170, 4*q - 300 = -5*r. What is the greatest common factor of q and 16?
16
Suppose -4*d - 5*f + 77 = 0, -2*d = -4*d + 5*f + 31. Let u(a) = -a**3 - 14*a**2 + 33*a + 18. Let v be u(-16). Calculate the highest common divisor of v and d.
2
Let q = 16 - 11. Suppose l - 30 = -q*v, 3*v - 9 = v - l. Calculate the greatest common factor of v and 49.
7
Let x(q) = q**3 - 3*q**2 - 2*q. Let z be x(3). Let h be (12/10)/(z/(-380)). Let s = -666 - -704. What is the greatest common factor of h and s?
38
Let a = -72 + 75. Suppose -a*y - 2*y - 3*z + 174 = 0, 5*y - 153 = 4*z. Calculate the highest common divisor of y and 66.
33
Let q be 30*(-9)/(-30)*4. Let v = -101 + 125. What is the highest common factor of q and v?
12
Suppose -4*x - 3*r + 105 = 0, -12 = -x - 2*r + 6*r. Let o(z) = 9*z**2 + 14*z - 28. Let t be o(2). What is the greatest common divisor of x and t?
12
Suppose 16 = 2*s - 2*y, 3*y = 4*s - 2*y - 36. Let i be s/(-18) - 2366/(-117). Calculate the highest common divisor of i and 15.
5
Let t(g) = 8*g - 321. Let k be t(41). Suppose -3 = 3*n, s - 2*n = -2*s + 65. Calculate the highest common divisor of k and s.
7
Let s = -6 - -12. Let d(g) = 2*g**3 + 4*g**2 + 7*g + 10. Let a be d(-4). Let n = -16 - a. What is the highest common divisor of n and s?
6
Let a(v) = 2*v + 18. Let x be a(-6). Let u be ((-72)/(-2))/(6/x). Calculate the highest common factor of u and 12.
12
Suppose -k + 31 = -3*m, 4*k - 67 - 27 = 2*m. What is the highest common divisor of k and 14?
2
Let y(d) = d**3 - 12*d**2 - 6*d + 16. Let x be y(14). What is the highest common divisor of 12 and x?
12
Suppose 364 = 4*k - 0*n + n, n = -5*k + 454. Calculate the highest common divisor of 10 and k.
10
Suppose 3*i - 385 = -2*l, 5*l - 172 = 4*i + 848. Suppose 9*g = 17*g - l. Calculate the highest common factor of 50 and g.
25
Let g be (-12 - 43 - 8)*(-2)/6. What is the greatest common divisor of g and 15?
3
Let j be (3 + -4)*3 - -37. Suppose 0 = -3*y + 20 + j. What is the greatest common divisor of 45 and y?
9
Let i = -798 + 838. Calculate the greatest common factor of 160 and i.
40
Suppose 3*l - 29*c = -30*c + 16, l - 3*c = 22. What is the highest common divisor of l and 7?
7
Let d(v) = -v**3 - 46*v**2 + 51*v + 224. Let z be d(-47). Calculate the greatest common divisor of z and 1212.
12
Let x(l) = -6*l**2 - 114*l - 10. Let p be x(-18). Calculate the greatest common divisor of p and 98.
98
Let d = -1536 + 1626. Let q = -10 - -20. Calculate the greatest common divisor of q and d.
10
Let p = 3 + -1. Let t = -15 - -20. Suppose -j = -2*w - 2, -t = -5*w - 0. Calculate the highest common factor of p and j.
2
Let q(h) = -h**3 - 5*h**2 - h + 4. Let o be q(-4). Let b be 81/36 - (-2)/o. Suppose b*n = -0*n + 14. What is the greatest common divisor of n and 7?
7
Let b = 21 - 12. Suppose -12 = -3*r - 2*i - 0*i, 5*i = 15. Let v be ((-6)/9)/(r/(-297)). Calculate the greatest common factor of v and b.
9
Let x(j) = 13*j + 4. Suppose -h + 8 = 6. Let g be x(h). What is the greatest common factor of g and 12?
6
Let u(m) = -m**3 + 2*m**2 + 6*m + 5. Let v be u(5). Let i = v + 67. Calculate the highest common factor of i and 18.
9
Suppose 0 = 17*r - 83 - 19. Calculate the highest common factor of 12 and r.
6
Let j(h) = 12*h**2 + 1. Let m be j(-2). Let p(g) = 17*g - 248. Let z be p(15). What is the greatest common factor of z and m?
7
Let p = 413 - 263. What is the highest common divisor of p and 60?
30
Let o be 3 + ((-6)/8)/(34/(-272)). Calculate the greatest common divisor of 117 and o.
9
Let g be 1934/12 + (-3)/18. Suppose -7*j + 31 = -130. What is the greatest common divisor of g and j?
23
Suppose -1556 = -5*z - 401. Let v be 120/(-150) + 218/10. Calculate the highest common factor of v and z.
21
Let o be 8/(-52) + 108/26. Suppose -40 = -o*d - d. Suppose 156 = -2*u + d*u. Calculate the highest common factor of u and 13.
13
Suppose -467*k + 475*k - 336 = 0. Calculate the highest common factor of k and 966.
42
Let y be (-3 - (-1 + -1)) + 3. Let q be ((-2)/y)/(-1) + 7. Suppose v = 3*l - 10, 2*v = -3*l - q + 24. Calculate the highest common divisor of l and 32.
4
Let k(s) = 2*s - 5. Let o(f) = -f + 1. Let y(j) = 3*k(j) + 3*o(j). Let p be y(6). Suppose 2*c = p*c - 192. Calculate the highest common factor of 6 and c.
6
Let y(o) = -9*o + 2. Let v be y(-2). Let i be v + (-2)/6*0. Suppose 65 = 6*j - 55. What is the greatest common divisor of j and i?
20
Suppose 0 = -3*t + t + 4. Suppose -q + 6 = t. Suppose 21 = 3*y + 3*s + 3, y = q*s + 21. What is the highest common divisor of 9 and y?
9
Let v be (1/3)/((-19)/285) - -791. What is the greatest common factor of 6 and v?
6
Let d(g) = -222*g**3 - 3 + 0*g**2 + 223*g**3 + 3*g - 3*g**2. Let a be d(2). Let b = a - -8. What is the greatest common divisor of 56 and b?
7
Let l be (53 - 48)*(-99)/(-5). Calculate the highest common factor of l and 55.
11
Let z be (-48 + 3)*1/3*-1. What is the highest common factor of z and 1245?
15
Let o(g) = g**2 - 7*g - 6. Let w be o(8). Suppose 27 = 4*z - u - 24, w*u = -z + 15. What is the highest common factor of 312 and z?
13
Suppose 0 = -3*h + l - 2*l + 440, 3*l - 595 = -4*h. Let m be (42/35)/(2/h). Calculate the highest common factor of m and 58.
29
Suppose -19 = -5*c + 4*m, -13 = -2*c - 2*c + m. Suppose c*z + 9 - 15 = 0. Let b be -5*z*(-7)/10. What is the greatest common factor of b and 1?
1
Let w be 1*-26*(-1)/2. Let c be 37 - -3 - (-2 - (0 - 3)). What is the highest common divisor of w and c?
13
Suppose 5*g + 7 = 3*i, 0 = g - 0*g + 2*i - 9. Suppose -66 = -3*u - 2*a, -14 - g = 5*a. Calculate the greatest common divisor of u and 36.
12
Let o = 62 - 65. Let x = 15 + o. Suppose -27 = -3*t + 27. What is the greatest common factor of t and x?
6
Suppose 2*s - 4*g = 20, -2*s + g - 6*g - 16 = 0. Suppose 0 = s*q + 3*v - 75, -3*q + 2*v + 111 = 6*v. Calculate the greatest common factor of 231 and q.
33
Let z(g) = -20*g + 942. Let b be z(0). What is the highest common divisor of 3 and b?
3
Let n(k) = -k**3 - 8*k**2 - 20*k - 3. Let j be n(-3). Suppose 0 = -2*z - 336 + 134. Let c = 197 + z. Calculate the highest common factor of j and c.
12
Let c(f) = -16*f + 32. Let v be c(0). Calculate the greatest common divisor of 48 and v.
16
Suppose -6760 = -6*p + p + h, 0 = -6*p + 5*h + 8093. Calculate the highest common factor of 33 and p.
33
Let v(n) = -18*n - 18. Let u be v(-4). Suppose 2*g - 96 = 2*c, 4*g - 5*c + u = 250. What is the greatest common factor of 110 and g?
22
Let a(w) = 3*w - 3. Let h be a(4). Let z = -9 + 8. Let u be z/(-3 + 78/27). What is the highest common factor of h and u?
9
Let z = 28 - 23. Suppose -4*x - 3*i = -0*i - 43, 4*x - z*i = 35. Suppose -x = 5*b, -8*c + 4*c - 4*b = -8. Calculate the highest common factor of c and 32.
4
Let b be -4*((-12276)/(-16))/(-11). Calculate the highest c